
2, 5
List the prime factors of (31 + 5954)*6/7.
2, 3, 5, 19
Suppose 57*w - 55*w = 6, 4*f - 275 = 3*w. Suppose 83384 = f*s + 20691. What are the prime factors of s?
883
Let x = -142488 - -202018. What are the prime factors of x?
2, 5, 5953
Let m(v) = 3414*v**2 - 45*v - 11. List the prime factors of m(3).
2, 5, 11, 139
Let s = 163 + -157. List the prime factors of 215/(-129) + 2/s*1271.
2, 211
Let p be (4/16*2)/((-3)/(-612)). Let r = 650 - p. List the prime factors of r.
2, 137
Let p(x) = 2*x**2 - 23*x + 145. Let y be p(17). Let d = y + 132. List the prime factors of d.
2, 29
Suppose 2*k + 5*k = 3*k. Suppose k = -3*j - 0*f + f + 4, 12 = 3*j - 3*f. Suppose v - 9 = -j*v. What are the prime factors of v?
3
Suppose t = 3*n + 4875 - 22689, 5*t + 15 = 0. What are the prime factors of n?
3, 1979
Let p(x) = 12*x + 3. Let l be p(-4). Let j be 1*9/(l/(-10)). Suppose -41 - 73 = -j*g. List the prime factors of g.
3, 19
Let p = 20 - 16. Suppose -3*f - f = -4*u - 32, p*u + 5 = -5*f. Suppose 3*g + f*b = -g + 237, -3*g + 180 = 3*b. List the prime factors of g.
3, 19
Let t = 331 + 459. Let u = -216 + t. What are the prime factors of u?
2, 7, 41
Suppose h = -3*u + 17125, -4*u + 283*h + 22825 = 286*h. List the prime factors of u.
2, 5, 571
List the prime factors of (-1 - 4/(-12))*(-447 + -3).
2, 3, 5
Suppose 9 = -3*z + 2*n, -z = -2*n + 3*n - 2. Let t = -1 - -15. Let h = z + t. List the prime factors of h.
13
Let i be 1*2 + (-17 - -15). Suppose 0*q - 5*q = 0, i = -2*b + 4*q + 38. Suppose -14*w + b*w = 500. List the prime factors of w.
2, 5
Let y = 660 + 27527. What are the prime factors of y?
71, 397
Suppose 4*r + 1942 = -n + 82, 4*n = r + 448. Let m = -232 - r. What are the prime factors of m?
2, 29
Suppose -5*h + 132 = r, h - 101 = 2*r - 409. List the prime factors of r.
2, 19
Let v(m) = 4008*m**2 + 28*m + 5. What are the prime factors of v(2)?
7, 11, 19
Suppose -3*c - 71 = -5*m + 123, -3*c - 9 = 0. Suppose 39 - m = -l. What are the prime factors of 171/l*6/(-9)?
3, 19
Suppose f = 3*f - 12. Let g(o) = o**2. Let x(s) = 4*s**2 + 2*s + 11. Let p(v) = f*g(v) - x(v). List the prime factors of p(-5).
7
Let p(a) = 63*a + 399. Let x be p(-6). Suppose 4289 = x*i - 17278. List the prime factors of i.
13, 79
Let d be (-4 + (-7288)/20)*(-15)/6. Suppose 0 = 21*j - 18*j + d. Let c = -191 - j. List the prime factors of c.
2, 29
Let h(g) = 2293*g - 980. What are the prime factors of h(4)?
2
Let t be 3/2*(-150)/(-45). Suppose f = -t*a + 23, -2 = 4*a - 5*f - 32. Suppose -3*w = -2*b - 119, 5*w = -0*b + a*b + 195. List the prime factors of w.
41
Suppose 8*x - 5*x - 240 = 0. Suppose x*k - 79*k - 277 = 0. What are the prime factors of k?
277
Let z(u) = -2*u**3 + 78*u**2 - 106*u + 64. List the prime factors of z(37).
2, 809
Suppose -16086 = -q - 3*i, 296*q = 293*q + 3*i + 48162. What are the prime factors of q?
2, 3, 2677
Let c(b) = -26 - 13*b + 3 + 2*b**2 + 30. What are the prime factors of c(-11)?
2, 7
Suppose -22*h + 44178 + 35198 = 0. What are the prime factors of h?
2, 11, 41
What are the prime factors of (155244559/186)/79 - 1/6?
5, 2113
Let p(s) = -s**3 - 13*s**2 - 6*s + 3. Let v be p(-12). What are the prime factors of v*(-17)/(85/30)?
2, 3, 23
Let q = -754 + 4756. What are the prime factors of q?
2, 3, 23, 29
Suppose -5*x = 0, x + 102 = 3*l + 3*x. Let d = -185 - -270. Suppose r = -l + d. List the prime factors of r.
3, 17
Suppose -5*b + 3*b = -4. Let d(l) = 3 + 3*l - 38 - 7*l - b*l. What are the prime factors of d(-17)?
67
Let g(b) = 111*b**2 + 4*b + 3. Suppose 2*u - 4 + 2 = -n, u - 12 = 5*n. What are the prime factors of g(u)?
5, 7, 13
Let j = 49 + -49. Suppose 4 + j = z, 0 = -3*f + 3*z + 24. List the prime factors of f.
2, 3
Let l(n) be the second derivative of -n**3/6 + 10*n**2 - 3*n. Let f be l(17). Suppose -f*g - 149 + 464 = 0. List the prime factors of g.
3, 5, 7
Suppose -5*l = 4*o - 6852, -l + 1362 = -o - o. Let h = l + -684. List the prime factors of h.
2, 3, 19
Suppose 0 = 77*o - 77644 + 15120. What are the prime factors of o?
2, 7, 29
Suppose 122*c + 25284 = 129*c. What are the prime factors of c?
2, 3, 7, 43
Suppose 61425 = -124*s + 1679377. What are the prime factors of s?
2, 7, 233
Let o(t) = 58 + 17 - 9 - 16*t. Suppose 24 = -f + 4*m - m, -4*f - 51 = -3*m. List the prime factors of o(f).
2, 3, 5, 7
Suppose -2*h + 109 = -29. Let u = 83 - h. List the prime factors of (u*2)/((-10)/(-25)).
2, 5, 7
Suppose -83*d + 48157 = -783254. What are the prime factors of d?
3, 7, 53
Suppose 2*s + 4 = 3*b - 2, 3*b - 6 = 5*s. Suppose 0 = -b*t - t + 1443. List the prime factors of t.
13, 37
Suppose -8*z + 5*z - 1 = w, 4*z + 2*w = -2. Suppose -640 = -2*u + 5*h + 94, u - 3*h - 368 = z. What are the prime factors of u?
2, 181
Suppose 3*a - 95 + 74 = 0. Let p(b) = b**3 - 10*b**2 + 22*b - 7. Let f be p(a). Suppose f = -6*q + 57 + 291. List the prime factors of q.
2, 29
Suppose 0 = -6*m + 5 + 7. Let g be (m - (-54)/(-2))*-21*1. Suppose -4*r + g = r. What are the prime factors of r?
3, 5, 7
Suppose 57 = 5*m - 4*s - 5, -2*s = 3*m - 46. Let j be 328/m + 9/(-21). Suppose 5*x = -3*a + 287, -4*x - j = -3. List the prime factors of a.
2, 13
Suppose 4*q - 100640 = -3*u, 2*q + 67084 = -52*u + 54*u. What are the prime factors of u?
2, 7, 599
Let x(g) = 17*g**2 - 35*g - 172. Let y be x(-7). Let w = y - 131. What are the prime factors of w?
5, 31
Let h(x) = x - 3. Let b(u) = u - 1. Let l(n) = -5*b(n) + 2*h(n). Let y be l(-1). Suppose y*f - 621 = -f. What are the prime factors of f?
3, 23
Let x(p) = 2*p - 1. Let d be x(2). Let j(m) = 4 + 0*m - 8*m**2 + m**d + 4*m + 0*m**3. List the prime factors of j(8).
2, 3
Let x be 8/(7 - 8 - (-6)/2). Suppose 0 = 4*s + 4*p - 7 - 21, -4*s = -2*p - x. What are the prime factors of (s/2)/((-6)/(-136)) - 0?
2, 17
Suppose 8*o + 380 = 6*o. Let a = -802 - o. What are the prime factors of (a/15)/(12/(-30))?
2, 3, 17
Suppose -448 = -7*x + 560. Let p = x + -47. List the prime factors of p.
97
Let u = 50 + -45. Suppose -u*q + 3*p = -706, q = 4*p - 5*p + 138. List the prime factors of q.
2, 5, 7
Let b = -3041 + 3440. What are the prime factors of b?
3, 7, 19
Suppose 0 = 107*o + 15*o - 291580. What are the prime factors of o?
2, 5, 239
Suppose 102*g - 75501 = 1098723. What are the prime factors of g?
2, 1439
Suppose 195 = 3*h + 54. Suppose -44 = b - h. Suppose -b*t = -5*t + 188. List the prime factors of t.
2, 47
Let t = 7225 + 4450. List the prime factors of t.
5, 467
Let o(p) = 1051*p - 1. Let b be o(-1). Suppose -w + 5*a + 30 = 4*w, -4*a = -5*w + 33. What are the prime factors of 3/w + b/(-12)?
2, 11
Suppose 4*j = -0*w + w + 216, 2*j = -4*w + 126. Let k = j + -52. Suppose 0 = k*p - 4*s - 118, -3*p - 2*s = p - 150. List the prime factors of p.
2, 19
Let a = 484 - 477. Suppose a*u - 1367 = 6*u. List the prime factors of u.
1367
Let l = 43 + -24. Let t(s) = 10 - l*s - 32*s + 17*s. What are the prime factors of t(-2)?
2, 3, 13
What are the prime factors of 1119/3*5*(-3 + 4)?
5, 373
Let z(o) = -o**2. Let m(k) = 56*k**2 + 3*k - 4. Let s(j) = m(j) - 4*z(j). What are the prime factors of s(-2)?
2, 5, 23
Suppose 2*w + 61 = m, 4*m - 4*w = 3*m + 65. Suppose m*s - 83*s + 18408 = 0. List the prime factors of s.
2, 3, 59
List the prime factors of -1470*((-1680)/147 - -10).
2, 3, 5, 7
Let r be (-4)/22 - (2 + (-304)/(-22)). Let g = -12 - r. What are the prime factors of (-3 + g)*-4 - -11?
7
Let n(w) = w**2 + 31*w + 3. Let o be n(-31). Let d = -134 - -276. Suppose 793 - d = o*x. What are the prime factors of x?
7, 31
Let h(v) = 81*v - 12. Suppose -15*o = -13*o - 16. Let b be h(o). Suppose -140 - b = -8*k. List the prime factors of k.
97
Let w = 54 + -58. What are the prime factors of w + ((-23232)/(-4))/6?
2, 241
Let m(i) = 2*i**2 - 6*i + 15. Let l = 35 - 42. Let s be m(l). Suppose 6*k = -35 + s. List the prime factors of k.
2, 5
Let v(o) = -o**3 + 5*o**2 + 37. Suppose 10*u - 7 = 43. What are the prime factors of v(u)?
37
Let i(s) = 6*s**2 - 7*s - 15. Let q = -338 + 347. What are the prime factors of i(q)?
2, 3, 17
Suppose 15*d - 30 = 21*d. Let f(m) = -89*m + 70. What are the prime factors of f(d)?
5, 103
Suppose -5*w + 44 = -2*t + 27, -2*w = 3*t - 22. Let i(s) = 5*s**3 + 3*s**2 - s - 24. List the prime factors of i(w).
11, 61
Let w(x) = 3*x**3 + 7*x**2 - 10*x + 7. Let g be w(5). Let v